 of t.
2, 541
Let b(x) = -4*x - 22. Let m be b(9). Let t = m + 60. Suppose -4*r + 132 = t*r. List the prime factors of r.
2, 11
Suppose 34745 - 10096 + 74747 = 22*r. List the prime factors of r.
2, 3, 251
Suppose j + 39 = i - 24, i + 3 = 0. List the prime factors of 19/(-6) - -3 - 9383/j.
2, 71
Let o = 430 + 78. Let z = 742 - o. What are the prime factors of z?
2, 3, 13
Let o(y) = -y**3 + 6*y**2 - 6*y + 5. Suppose 0 = -8*b + 6*b + 10. Let x be o(b). Suppose 0*n + n - 58 = x. List the prime factors of n.
2, 29
Suppose -7*v = -10*v + 12. Suppose -a - 4801 = -v*o, -3*a + 3 = 6. What are the prime factors of o?
2, 3, 5
Suppose 0 = 12*g + 4*g - 7600. Let y = g + -259. List the prime factors of y.
2, 3
Suppose -19*a = -15*a + 2576. What are the prime factors of a/(-2) + 78/26?
5, 13
What are the prime factors of (-2493 - -8)*(5328/(-220) - 34/187)?
2, 7, 61, 71
Suppose -5*h + 3*h - a = -41080, -9*a - 102723 = -5*h. List the prime factors of h.
3, 41, 167
Let l be -4 - 5/(5/(-2393)). Suppose 12*b - l = 2711. List the prime factors of b.
5, 17
Suppose 151 = 3*x + 5*n, x - 4*n = n + 37. Let w be ((-3 - 0) + (-11)/(-4))*(3 + -3). Let l = x + w. What are the prime factors of l?
47
Suppose 5*k + 4*c - 10 = -0*c, -k = 4*c + 14. Let q(y) = -23*y + 40. Let a be q(0). Suppose k*v = v + a. List the prime factors of v.
2
Suppose 0 = -13*q + 9*q + 12. Suppose q*l + g + 4236 = 8*l, -3*g = -12. What are the prime factors of l?
2, 53
Let d be 1540/(-462)*(-10543 - -1)/(-2). What are the prime factors of (1 + 1)*d/(-35)?
2, 251
What are the prime factors of 1*((-75250)/(-9) + (-4)/36)?
3, 929
Let q = 10504 - 6546. List the prime factors of q.
2, 1979
Suppose -4*o = 2*x + 16, 0 = -4*o + 8*x - 4*x - 4. Let h be o/(-4) + 5/20. Let f(d) = 102*d**2 - 2*d + 1. List the prime factors of f(h).
101
Let w(p) = p**3 + 28*p**2 - 28*p + 25. Let i = -53 + 24. Let g be w(i). List the prime factors of -4*-129*(12/g)/(-12).
3, 43
What are the prime factors of (-24)/(-2)*((-35)/14 - (-198)/3)?
2, 3, 127
Let n(r) = r - 459 - 459 + 944. Suppose 2*u + 20 = 3*u. List the prime factors of n(u).
2, 23
Let y(p) = 95*p**2 - 177*p - 3721. List the prime factors of y(-19).
33937
Let v(i) = -2*i**3 - 30*i**2 - 11*i + 55. What are the prime factors of v(-18)?
13
Let z = -69 - -70. Suppose 5*l + 3*u = 26, 5*u - 7 = l - z. Suppose 8 = -l*x, -4*i + x - 2*x = -238. List the prime factors of i.
2, 3, 5
Let u = 13040 - -1969. What are the prime factors of u?
3, 5003
Let d(j) = 377*j - 9. Suppose 12 = -2*i - 4*u, 0*i - 12 = 4*i + 5*u. List the prime factors of d(i).
5, 149
Let x(s) = 349*s + 1695. What are the prime factors of x(15)?
2, 3, 5, 7, 11
Let x(u) = -u**3 + 10*u**2 - 8*u - 7. Let r(v) = 5*v**2 + 2*v - 2. Let g be r(-2). Let s = g + -6. List the prime factors of x(s).
3, 19
Let k(l) = l + 7. Let p be k(9). Suppose -4*u + p + 0 = 0. Suppose -4*q = -4*n - 164, 299 - 94 = 5*q - u*n. What are the prime factors of q?
41
Let t(d) = -211*d - 2490. What are the prime factors of t(-82)?
2, 7, 23
Let l be 2/(-12) - (-9308)/(-24). Let t = 111 - l. What are the prime factors of t?
499
Let v be (-34)/(-8) - (19/(-4) - -5). Suppose v*m - 2*m - 2*s - 468 = 0, -m + 237 = -4*s. What are the prime factors of m?
233
Let o(m) = -14*m - 13. Let i be ((-18)/(-8))/((-60)/160). Let q be -2*(i/(-4) + (2 - 0)). List the prime factors of o(q).
5, 17
Suppose -222*x + 223*x = 89. Suppose -2*c = -2*t - 668, 2*t - 251 - x = -c. List the prime factors of c.
2, 3, 7
Suppose 263*k = 210*k + 2733051. What are the prime factors of k?
3, 17189
What are the prime factors of ((-2)/(-3))/(193/7742967)?
2, 43, 311
Suppose -11*t - 957 = -16*t - u, -2*u - 378 = -2*t. What are the prime factors of 3/6*(t + -9)?
7, 13
Let i = 10043 + -451. What are the prime factors of i?
2, 11, 109
Let s(r) = -r**2 - 16*r - 13. Let h be s(-15). Suppose 3*d + 38 = -b, -h*d + b + 2*b - 18 = 0. List the prime factors of d/4 - 0 - (-39)/1.
2, 3
Let t = -7799 + 13578. Suppose -3*u + t = 2*w + 1243, -4*w = 2*u - 3024. List the prime factors of u.
2, 3, 7
Let n(v) = 36*v**3 - 9*v**2 + 75*v - 17. List the prime factors of n(7).
5, 13, 191
Let s = 18 - 6. Let u = -147 + 184. Let c = u - s. List the prime factors of c.
5
Let b be (15/(-12))/(1*5/4780). Let g = -450 - b. List the prime factors of g.
5, 149
Suppose 3*p - 1305 = 3*f, -3*p - 4*f + 1396 = 84. Let q = p + -205. What are the prime factors of q?
3, 7, 11
Let f be (-5)/(-3)*-18*(-8)/120. Let t(n) = 321*n**2 - 4*n + 5. What are the prime factors of t(f)?
3, 7, 61
Let a(i) = 3*i**3 - 4*i**2 - 5*i. Let u be a(-4). Let q = 167 + u. Let g = -22 - q. List the prime factors of g.
47
List the prime factors of -12 + (-14 - -9) + 2214.
13
Let j = -723 - -712. Let v = -25 + 46. Let u = j + v. List the prime factors of u.
2, 5
What are the prime factors of (273708/10)/(((-30)/(-25))/3)?
3, 7603
Let w(b) = b**2 - 16*b - 34. Let x be w(18). List the prime factors of 4/(16/3346) + 3/x.
2, 419
Suppose -1027 - 1196 = -3*n. Let t = -462 + n. List the prime factors of t.
3, 31
Let g = 54 + -51. Suppose 3*i - g*r + 483 = 0, -2*r + 12 = r. List the prime factors of i/(3 - (3 - -1)).
157
Let v(r) = -3*r**2 - 9*r + 58. Let j be v(-13). Let f = 605 + j. What are the prime factors of f?
3, 7, 13
List the prime factors of ((-527)/34 + 15)*-55178.
47, 587
Let s be ((-4)/9)/((-9)/((-405)/(-10))). What are the prime factors of (-92)/(-46) + (-410)/(-1) + s?
2, 3, 23
Suppose 4*m - 8 = 0, 5*a + 52 = 5*m - 8. Let i(u) = u**2 + 7*u - 30. Let f be i(a). Suppose -10*h + 130 + 50 = f. List the prime factors of h.
2, 3
Suppose 93 - 108 = -5*o. Let u(c) = c + 13. Let b be u(-13). Suppose 5*x - 65 = 2*n, b = x + o*x + n - 52. What are the prime factors of x?
13
Let v(r) = -10*r - 101. Let m be v(-25). Suppose 567 = 2*w + m. What are the prime factors of w?
11, 19
Let w(t) = 2*t**2 - t - 48*t**3 - 1 + 21*t**3 + 3. What are the prime factors of w(-2)?
2, 3, 19
Let z be 8*((-27)/12 + 3). Let d(m) = 14*m - 15*m - 5*m - z*m - 13. List the prime factors of d(-6).
59
Let u(o) = -64*o + 16. Let l be u(-15). Suppose x + w - 1457 = -2*x, 2*x = -3*w + l. What are the prime factors of x?
5, 97
Suppose -5*l - 5*r + 880 = 0, -l = -0*l + 4*r - 179. Let w be l/63 - 4/(-18). Suppose -2*x + 101 = w*u, 7*x - 4*x = 3*u + 129. What are the prime factors of x?
2, 23
Let i(g) = -g**2 + 4*g + 22. Let q be i(6). Suppose -2*w = 4*a - 442, 5*w - q*a = -7*a + 1066. List the prime factors of w.
5, 43
Let a(j) = 1310*j - 4535. List the prime factors of a(24).
5, 5381
Suppose -g + 5*g = 0. Suppose 17*w = -20*w + 35*w. Suppose w = 5*f + 3*c - 160, -f + 4*f + 3*c - 96 = g. List the prime factors of f.
2
Let r(v) = 46*v + 14. Let t(l) = -47*l - 14. Let x(f) = 4*r(f) + 3*t(f). Let k be x(6). Suppose -4*w + 444 = -k. List the prime factors of w.
179
Let f(o) = -2*o**2 - 12*o - 1. Let z be f(-8). Suppose 0 = -47*v + 42*v + 240. Let k = v + z. What are the prime factors of k?
3, 5
Let r(j) = -177*j + 2415. List the prime factors of r(-33).
2, 3, 43
Suppose -12*u + 10*u = -82. Let a = u + -37. Suppose 3*b + 3 = -0*z + z, 51 = a*z + b. What are the prime factors of z?
2, 3
Let c(b) = 274*b**3 - 2*b**2 - 5*b + 19. What are the prime factors of c(3)?
2, 13, 71
Let v = -34 - -274. Suppose 0 = -0*c + 4*c - v. Let h = -28 + c. List the prime factors of h.
2
Let q = -234 - -241. Suppose q*c - 1313 - 3475 = 0. List the prime factors of c.
2, 3, 19
Suppose -9*f + 24 = -17*f. Let h be 4615/(-39) + (-1)/f. Let l = 7 - h. List the prime factors of l.
5
Suppose 0 = 3*a + 15, -8*a = 4*t - 12*a - 1700. Suppose -876 = -2*z + 4*d + t, 4*z - d - 2592 = 0. List the prime factors of z.
2, 3
Suppose 0 = 5*v + 2*p - 34247, -p - 25926 + 5380 = -3*v. What are the prime factors of v?
3, 761
Suppose -4*g - 4 = -5*z + 2*z, -2*z + 4*g = -4. Suppose z = -2*h - 150 + 152. What are the prime factors of h/6 + 7555/30?
2, 3, 7
Let p(h) = -h**2 - 27*h - 174. Let w be p(-15). Let q(k) = 99*k + 17. What are the prime factors of q(w)?
13, 47
Let i(m) = 5617*m**2 - 29*m - 21. List the prime factors of i(2).
3, 17, 439
Let p be (-8)/(-16) + (-2)/((-8)/(-270)). Let g = 70 + p. What are the prime factors of 47 + (-10)/(-20)*(-1 + g)?
2, 3
Let l = -376 + 379. List the prime factors of 1277073/1701 + l/(54/4).
751
Let 